{"id":1936,"date":"2019-10-27T12:05:52","date_gmt":"2019-10-27T11:05:52","guid":{"rendered":"https:\/\/oliveiro.es\/portal\/blog\/?page_id=1936"},"modified":"2022-01-10T21:15:05","modified_gmt":"2022-01-10T20:15:05","slug":"politica-de-privacidad","status":"publish","type":"page","link":"https:\/\/oliveiro.es\/portal\/blog\/politica-de-privacidad\/","title":{"rendered":"Pol\u00edtica de privacidad"},"content":{"rendered":"\n<h2 class=\"wp-block-heading\">Qui\u00e9n soy<\/h2>\n\n\n\n<p>Oliveiro Dumas. Mi web es: https:\/\/oliveiro.es\/portal\/blog. Si necesitas m\u00e1s informaci\u00f3n o contactar conmigo, aqu\u00ed te dejo estos enlaces.<\/p>\n\n\n\n<p><a href=\"https:\/\/oliveiro.es\/portal\/blog\/acerca-de\/\">Acerca de&#8230;<\/a><\/p>\n\n\n\n<p><a href=\"https:\/\/oliveiro.es\/portal\/blog\/oye-oliveiro\/\">Contactar con Oliveiro<\/a><\/p>\n\n\n\n<h2 class=\"wp-block-heading\">Qu\u00e9 datos personales recopilo y por qu\u00e9<\/h2>\n\n\n\n<h3 class=\"wp-block-heading\">Comentarios<\/h3>\n\n\n\n<p>Cuando los visitantes dejan comentarios en la web, recopilo los datos que se muestran en el formulario de comentarios, as\u00ed como la direcci\u00f3n IP del visitante y la cadena de agentes de usuario del navegador para ayudar a la detecci\u00f3n de spam.<\/p>\n\n\n\n<p>Una cadena an\u00f3nima creada a partir de tu direcci\u00f3n de correo electr\u00f3nico (tambi\u00e9n llamada hash) puede ser proporcionada al servicio de Gravatar para ver si lo est\u00e1s usando. La pol\u00edtica de privacidad del servicio Gravatar est\u00e1 disponible aqu\u00ed: https:\/\/automattic.com\/privacy\/. Despu\u00e9s de la aprobaci\u00f3n de tu comentario, la imagen de tu perfil es visible para el p\u00fablico en el contexto de su comentario.<\/p>\n\n\n\n<h3 class=\"wp-block-heading\">Medios<\/h3>\n\n\n\n<p>No suelo permitir subir im\u00e1genes a mi web, pero en el caso que lo permita, has de llevar precauci\u00f3n por tu propio inter\u00e9s ya que, si subes im\u00e1genes, deber\u00edas evitar subirlas con datos de ubicaci\u00f3n (GPS EXIF) incluidos. Cualquier visitante de la web podr\u00eda descargar y extraer cualquier dato de localizaci\u00f3n de esas im\u00e1genes.<\/p>\n\n\n\n<h3 class=\"wp-block-heading\">Formularios de contacto<\/h3>\n\n\n\n<h3 class=\"wp-block-heading\">Cookies<\/h3>\n\n\n\n<p>Si dejas un comentario en nuestro sitio puedes elegir guardar tu nombre, direcci\u00f3n de correo electr\u00f3nico y web en cookies. Esto es para tu comodidad, para que no tengas que volver a rellenar tus datos cuando dejes otro comentario. Estas cookies tendr\u00e1n una duraci\u00f3n de un a\u00f1o.<\/p>\n\n\n\n<div class=\"wp-block-group\"><div class=\"wp-block-group__inner-container is-layout-flow wp-block-group-is-layout-flow\">\n<ul class=\"wp-block-list\"><li>Comment_author_[hash]: guarda el usuario que escribe el comentario.<\/li><li>Comment_author_url_[hash]: guarda el enlace web del usuario que escribe el comentario. <\/li><li>Comment_author_email_[hash]: guarda el correo electr\u00f3nico del usuario que realiza el comentario.<\/li><\/ul>\n<\/div><\/div>\n\n\n\n<p>Estos datos son usados \u00fanicamente para permitir los comentarios sin aprobaci\u00f3n en caso de que ya haya sido aprobado alg\u00fan comentario previo por parte de un moderador (en este caso yo mismo) y puedes pedir en cualquier momento que los elimine.<br>El correo podr\u00eda ser usado, en caso de que as\u00ed lo desees, para que se te env\u00ede de forma autom\u00e1tica alguna notificaci\u00f3n sobre tu\/s comentario\/s.<\/p>\n\n\n\n<p>No trabajo con usuarios de la web, pero en caso de que lo permita, en alg\u00fan momento, al tener una cuenta y al conectarse a mi sitio, se instala una cookie temporal para determinar si tu navegador acepta cookies. Esta cookie no contiene datos personales y se elimina al cerrar el navegador.<\/p>\n\n\n\n<p>Adem\u00e1s, cuando inicias sesi\u00f3n, tambi\u00e9n instalaremos varias cookies para guardar tu informaci\u00f3n de inicio de sesi\u00f3n y tus opciones de visualizaci\u00f3n de pantalla. Las cookies de inicio de sesi\u00f3n duran dos d\u00edas, y las cookies de opciones de pantalla duran un a\u00f1o. Si seleccionas \u00abRecordarme\u00bb, tu inicio de sesi\u00f3n perdurar\u00e1 durante dos semanas. Si sales de tu cuenta, las cookies de inicio de sesi\u00f3n se eliminar\u00e1n.<\/p>\n\n\n\n<p>Si editas o publicas un art\u00edculo se guardar\u00e1 una cookie adicional en tu navegador. Esta cookie no incluye datos personales y simplemente indica el ID del art\u00edculo que acabas de editar. Caduca despu\u00e9s de 1 d\u00eda.<\/p>\n\n\n\n<p>Pero ya te digo. No tengo intenci\u00f3n de crear usuarios de creaci\u00f3n de contenidos o de administraci\u00f3n en mi sitio, m\u00e1s all\u00e1 de mi propio usuario.<\/p>\n\n\n\n<h3 class=\"wp-block-heading\">Contenido incrustado de otros sitios web<\/h3>\n\n\n\n<p>Los art\u00edculos de este sitio pueden incluir contenido incrustado (por ejemplo, v\u00eddeos, im\u00e1genes, art\u00edculos, etc.). El contenido incrustado de otras web se comporta exactamente de la misma manera que si el visitante hubiera visitado la otra web.<\/p>\n\n\n\n<p>Estas web pueden recopilar datos sobre ti, utilizar cookies, incrustar un seguimiento adicional de terceros, y supervisar tu interacci\u00f3n con ese contenido incrustado, incluido el seguimiento de tu interacci\u00f3n con el contenido incrustado si tienes una cuenta y est\u00e1s conectado a esa web.<\/p>\n\n\n\n<h2 class=\"wp-block-heading\">Con qui\u00e9n comparto tus datos<\/h2>\n\n\n\n<p>Con nadie en absoluto. No obstante, el uso del <em>plugin<\/em> de wordpress para la gesti\u00f3n de los comentarios y suscripciones puede requerir almacenamiento de alguna informaci\u00f3n que puede estar replicada en las bases de datos del gestor de contenido wordpress, aunque asegurada bajo mi cuenta personal de <em>wordpress<\/em> con una contrase\u00f1a a prueba de ordenadores cu\u00e1nticos, por lo que no te has de preocupar.<\/p>\n\n\n\n<p>Adem\u00e1s uso dos <em>plugins <\/em>que pueden recabar informaci\u00f3n para el buen funcionamiento y la seguridad del sitio web:<\/p>\n\n\n\n<ul class=\"wp-block-list\"><li><strong>Really Simple SSL<\/strong> y las extensiones para Really Simple SSL que no procesan informaci\u00f3n personal identificable, as\u00ed que el RGPD no aplica. Puedes encontrar nuestra pol\u00edtica de privacidad\u00a0<a rel=\"noreferrer noopener\" href=\"https:\/\/really-simple-ssl.com\/privacy-statement\/\" target=\"_blank\">aqu\u00ed<\/a>.<\/li><li>Recopilamos informaci\u00f3n sobre los visitantes que comentan en los sitios que usan nuestro servicio anti-spam, <strong>Akismet<\/strong>. La informaci\u00f3n que recopilamos depende de c\u00f3mo configure Akismet en el sitio el usuario, pero incluye, normalmente, la direcci\u00f3n IP del comentarista, el navegador del usuario, el sitio de referencia y la URL del sitio (adem\u00e1s de otra informaci\u00f3n directamente facilitada por el comentarista, como su nombre, nombre de usuario, direcci\u00f3n de correo electr\u00f3nico y el mismo comentario). Esto se hace para eliminar comentarios emitidos por <em>bots<\/em> que tienen intenci\u00f3n de llenar lo comentarios de <em>spam<\/em> publicitario indeseable.<\/li><\/ul>\n\n\n\n<h2 class=\"wp-block-heading\">Cu\u00e1nto tiempo conservo tus datos<\/h2>\n\n\n\n<p>Si dejas un comentario, el comentario y sus metadatos se conservan indefinidamente. Esto es para que se pueda reconocer y aprobar comentarios sucesivos autom\u00e1ticamente en lugar de mantenerlos en una cola de moderaci\u00f3n.<\/p>\n\n\n\n<p>Pero si por alguna raz\u00f3n lo quieres eliminar, puedes contactar personalmente conmigo a trav\u00e9s de los enlaces referenciados al inicio de esta pol\u00edtica de privacidad y lo borro de inmediato. <\/p>\n\n\n\n<p>Como ya he comentado, no permito el alta de usuarios para este sitio, por lo que no se conservan datos ni personales ni de otro tipo referidos a cuentas de usuario web. <\/p>\n\n\n\n<h2 class=\"wp-block-heading\">Qu\u00e9 derechos tienes sobre tus datos<\/h2>\n\n\n\n<p>Si cambio de parecer (que va a ser que no, pero bueno, qui\u00e9n sabe) y decido dar acceso a diferentes usuarios, si tienes una cuenta puedes solicitarme un volcado de todos los datos personales (contactando conmigo a trav\u00e9s de <a href=\"https:\/\/oliveiro.es\/portal\/blog\/oye-oliveiro\/\">Contactar con Oliveiro<\/a>)<\/p>\n\n\n\n<p>Igualmente, si has dejado comentarios en esta web, puedes solicitar recibir ese archivo exportado de los datos personales que tenemos sobre ti, incluyendo cualquier dato que hayas proporcionado. <\/p>\n\n\n\n<p>Y por supuesto, tambi\u00e9n puedes solicitarme que elimine cualquier dato personal que tenga sobre ti. Esto no incluye ning\u00fan dato que estemos obligados a conservar con fines administrativos, legales o de seguridad (que ya te digo yo que ser\u00e1, ninguno&#8230; Lo borrar\u00e9 todo y ya est\u00e1, seguro, no como otras webs que te aseguran que lo hacen y yo creo que no; cosecha propia)<\/p>\n\n\n\n<h2 class=\"wp-block-heading\">D\u00f3nde enviamos tus datos<\/h2>\n\n\n\n<p>Los comentarios de los visitantes ser\u00e1n revisados por un servicio de detecci\u00f3n autom\u00e1tica de spam y manualmente por un moderador, que, para qu\u00e9 enga\u00f1arnos, soy yo mismo \ud83d\ude09<\/p>\n","protected":false},"excerpt":{"rendered":"<p>Qui\u00e9n soy Oliveiro Dumas. Mi web es: https:\/\/oliveiro.es\/portal\/blog. Si necesitas m\u00e1s informaci\u00f3n o contactar conmigo, aqu\u00ed te dejo estos enlaces. Acerca de&#8230; Contactar con Oliveiro Qu\u00e9 datos personales recopilo y por qu\u00e9 Comentarios Cuando los visitantes dejan comentarios en la web, recopilo los datos que se muestran en el formulario &#8230;<\/p>\n","protected":false},"author":2,"featured_media":0,"parent":0,"menu_order":0,"comment_status":"closed","ping_status":"closed","template":"","meta":{"footnotes":""},"class_list":["post-1936","page","type-page","status-publish","hentry","column","threecol"],"_links":{"self":[{"href":"https:\/\/oliveiro.es\/portal\/blog\/wp-json\/wp\/v2\/pages\/1936","targetHints":{"allow":["GET"]}}],"collection":[{"href":"https:\/\/oliveiro.es\/portal\/blog\/wp-json\/wp\/v2\/pages"}],"about":[{"href":"https:\/\/oliveiro.es\/portal\/blog\/wp-json\/wp\/v2\/types\/page"}],"author":[{"embeddable":true,"href":"https:\/\/oliveiro.es\/portal\/blog\/wp-json\/wp\/v2\/users\/2"}],"replies":[{"embeddable":true,"href":"https:\/\/oliveiro.es\/portal\/blog\/wp-json\/wp\/v2\/comments?post=1936"}],"version-history":[{"count":0,"href":"https:\/\/oliveiro.es\/portal\/blog\/wp-json\/wp\/v2\/pages\/1936\/revisions"}],"wp:attachment":[{"href":"https:\/\/oliveiro.es\/portal\/blog\/wp-json\/wp\/v2\/media?parent=1936"}],"curies":[{"name":"wp","href":"https:\/\/api.w.org\/{rel}","templated":true}]}}

Política de privacidad

<h2 class="wp-block-heading">Quién soy</h2>



<p>Oliveiro Dumas. Mi web es: https://oliveiro.es/portal/blog. Si necesitas más información o contactar conmigo, aquí te dejo estos enlaces.</p>



<p><a href="https://oliveiro.es/portal/blog/acerca-de/">Acerca de&#8230;</a></p>



<p><a href="https://oliveiro.es/portal/blog/oye-oliveiro/">Contactar con Oliveiro</a></p>



<h2 class="wp-block-heading">Qué datos personales recopilo y por qué</h2>



<h3 class="wp-block-heading">Comentarios</h3>



<p>Cuando los visitantes dejan comentarios en la web, recopilo los datos que se muestran en el formulario de comentarios, así como la dirección IP del visitante y la cadena de agentes de usuario del navegador para ayudar a la detección de spam.</p>



<p>Una cadena anónima creada a partir de tu dirección de correo electrónico (también llamada hash) puede ser proporcionada al servicio de Gravatar para ver si lo estás usando. La política de privacidad del servicio Gravatar está disponible aquí: https://automattic.com/privacy/. Después de la aprobación de tu comentario, la imagen de tu perfil es visible para el público en el contexto de su comentario.</p>



<h3 class="wp-block-heading">Medios</h3>



<p>No suelo permitir subir imágenes a mi web, pero en el caso que lo permita, has de llevar precaución por tu propio interés ya que, si subes imágenes, deberías evitar subirlas con datos de ubicación (GPS EXIF) incluidos. Cualquier visitante de la web podría descargar y extraer cualquier dato de localización de esas imágenes.</p>



<h3 class="wp-block-heading">Formularios de contacto</h3>



<h3 class="wp-block-heading">Cookies</h3>



<p>Si dejas un comentario en nuestro sitio puedes elegir guardar tu nombre, dirección de correo electrónico y web en cookies. Esto es para tu comodidad, para que no tengas que volver a rellenar tus datos cuando dejes otro comentario. Estas cookies tendrán una duración de un año.</p>



<div class="wp-block-group"><div class="wp-block-group__inner-container is-layout-flow wp-block-group-is-layout-flow">
<ul class="wp-block-list"><li>Comment_author_[hash]: guarda el usuario que escribe el comentario.</li><li>Comment_author_url_[hash]: guarda el enlace web del usuario que escribe el comentario. </li><li>Comment_author_email_[hash]: guarda el correo electrónico del usuario que realiza el comentario.</li></ul>
</div></div>



<p>Estos datos son usados únicamente para permitir los comentarios sin aprobación en caso de que ya haya sido aprobado algún comentario previo por parte de un moderador (en este caso yo mismo) y puedes pedir en cualquier momento que los elimine.<br>El correo podría ser usado, en caso de que así lo desees, para que se te envíe de forma automática alguna notificación sobre tu/s comentario/s.</p>



<p>No trabajo con usuarios de la web, pero en caso de que lo permita, en algún momento, al tener una cuenta y al conectarse a mi sitio, se instala una cookie temporal para determinar si tu navegador acepta cookies. Esta cookie no contiene datos personales y se elimina al cerrar el navegador.</p>



<p>Además, cuando inicias sesión, también instalaremos varias cookies para guardar tu información de inicio de sesión y tus opciones de visualización de pantalla. Las cookies de inicio de sesión duran dos días, y las cookies de opciones de pantalla duran un año. Si seleccionas «Recordarme», tu inicio de sesión perdurará durante dos semanas. Si sales de tu cuenta, las cookies de inicio de sesión se eliminarán.</p>



<p>Si editas o publicas un artículo se guardará una cookie adicional en tu navegador. Esta cookie no incluye datos personales y simplemente indica el ID del artículo que acabas de editar. Caduca después de 1 día.</p>



<p>Pero ya te digo. No tengo intención de crear usuarios de creación de contenidos o de administración en mi sitio, más allá de mi propio usuario.</p>



<h3 class="wp-block-heading">Contenido incrustado de otros sitios web</h3>



<p>Los artículos de este sitio pueden incluir contenido incrustado (por ejemplo, vídeos, imágenes, artículos, etc.). El contenido incrustado de otras web se comporta exactamente de la misma manera que si el visitante hubiera visitado la otra web.</p>



<p>Estas web pueden recopilar datos sobre ti, utilizar cookies, incrustar un seguimiento adicional de terceros, y supervisar tu interacción con ese contenido incrustado, incluido el seguimiento de tu interacción con el contenido incrustado si tienes una cuenta y estás conectado a esa web.</p>



<h2 class="wp-block-heading">Con quién comparto tus datos</h2>



<p>Con nadie en absoluto. No obstante, el uso del <em>plugin</em> de wordpress para la gestión de los comentarios y suscripciones puede requerir almacenamiento de alguna información que puede estar replicada en las bases de datos del gestor de contenido wordpress, aunque asegurada bajo mi cuenta personal de <em>wordpress</em> con una contraseña a prueba de ordenadores cuánticos, por lo que no te has de preocupar.</p>



<p>Además uso dos <em>plugins </em>que pueden recabar información para el buen funcionamiento y la seguridad del sitio web:</p>



<ul class="wp-block-list"><li><strong>Really Simple SSL</strong> y las extensiones para Really Simple SSL que no procesan información personal identificable, así que el RGPD no aplica. Puedes encontrar nuestra política de privacidad <a rel="noreferrer noopener" href="https://really-simple-ssl.com/privacy-statement/" target="_blank">aquí</a>.</li><li>Recopilamos información sobre los visitantes que comentan en los sitios que usan nuestro servicio anti-spam, <strong>Akismet</strong>. La información que recopilamos depende de cómo configure Akismet en el sitio el usuario, pero incluye, normalmente, la dirección IP del comentarista, el navegador del usuario, el sitio de referencia y la URL del sitio (además de otra información directamente facilitada por el comentarista, como su nombre, nombre de usuario, dirección de correo electrónico y el mismo comentario). Esto se hace para eliminar comentarios emitidos por <em>bots</em> que tienen intención de llenar lo comentarios de <em>spam</em> publicitario indeseable.</li></ul>



<h2 class="wp-block-heading">Cuánto tiempo conservo tus datos</h2>



<p>Si dejas un comentario, el comentario y sus metadatos se conservan indefinidamente. Esto es para que se pueda reconocer y aprobar comentarios sucesivos automáticamente en lugar de mantenerlos en una cola de moderación.</p>



<p>Pero si por alguna razón lo quieres eliminar, puedes contactar personalmente conmigo a través de los enlaces referenciados al inicio de esta política de privacidad y lo borro de inmediato. </p>



<p>Como ya he comentado, no permito el alta de usuarios para este sitio, por lo que no se conservan datos ni personales ni de otro tipo referidos a cuentas de usuario web. </p>



<h2 class="wp-block-heading">Qué derechos tienes sobre tus datos</h2>



<p>Si cambio de parecer (que va a ser que no, pero bueno, quién sabe) y decido dar acceso a diferentes usuarios, si tienes una cuenta puedes solicitarme un volcado de todos los datos personales (contactando conmigo a través de <a href="https://oliveiro.es/portal/blog/oye-oliveiro/">Contactar con Oliveiro</a>)</p>



<p>Igualmente, si has dejado comentarios en esta web, puedes solicitar recibir ese archivo exportado de los datos personales que tenemos sobre ti, incluyendo cualquier dato que hayas proporcionado. </p>



<p>Y por supuesto, también puedes solicitarme que elimine cualquier dato personal que tenga sobre ti. Esto no incluye ningún dato que estemos obligados a conservar con fines administrativos, legales o de seguridad (que ya te digo yo que será, ninguno&#8230; Lo borraré todo y ya está, seguro, no como otras webs que te aseguran que lo hacen y yo creo que no; cosecha propia)</p>



<h2 class="wp-block-heading">Dónde enviamos tus datos</h2>



<p>Los comentarios de los visitantes serán revisados por un servicio de detección automática de spam y manualmente por un moderador, que, para qué engañarnos, soy yo mismo 😉</p>

<p>Quién soy Oliveiro Dumas. Mi web es: https://oliveiro.es/portal/blog. Si necesitas más información o contactar conmigo, aquí te dejo estos enlaces. Acerca de&#8230; Contactar con Oliveiro Qué datos personales recopilo y por qué Comentarios Cuando los visitantes dejan comentarios en la web, recopilo los datos que se muestran en el formulario &#8230;</p>
